{"id":145,"date":"2024-03-13T16:45:12","date_gmt":"2024-03-13T15:45:12","guid":{"rendered":"https:\/\/stempsmeditation.fr\/?post_type=product&#038;p=145"},"modified":"2024-05-11T22:01:48","modified_gmt":"2024-05-11T20:01:48","slug":"pour-les-insomnies","status":"publish","type":"product","link":"https:\/\/stempsmeditation.fr\/index.php\/produit\/pour-les-insomnies\/","title":{"rendered":"Pour les insomnies"},"content":{"rendered":"","protected":false},"excerpt":{"rendered":"<p>Votre enfant est stress\u00e9 et\/ou angoiss\u00e9, il ne veut pas aller dormir, il se r\u00e9veille en pleine nuit, avec des pleurs, il fait des cauchemars ou du somnambulisme. Votre enfant est fatigu\u00e9.<\/p>\n","protected":false},"featured_media":273,"template":"","meta":[],"product_cat":[20],"product_tag":[],"class_list":{"0":"post-145","1":"product","2":"type-product","3":"status-publish","4":"has-post-thumbnail","6":"product_cat-non-classe","7":"wcpa_has_options","9":"first","10":"instock","11":"shipping-taxable","12":"purchasable","13":"product-type-variable"},"wcpa_form_fields":{"wcpaData":{"product":{"product_price":0,"price_html":"<span class=\"woocommerce-Price-amount amount\"><bdi>0,00&nbsp;<span class=\"woocommerce-Price-currencySymbol\">&euro;<\/span><\/bdi><\/span> &ndash; <span class=\"woocommerce-Price-amount amount\"><bdi>25,00&nbsp;<span class=\"woocommerce-Price-currencySymbol\">&euro;<\/span><\/bdi><\/span>","original_product_price":0,"price_including_tax":0,"price_excluding_tax":0,"product_id":{"parent":145,"variation":false},"is_variable":true,"stock_status":"instock","stock_quantity":null,"parent_sku":"","product_attributes":{"je-souhaite-ajouter-le-reiki":{"is_variation":true,"values":[]}},"custom_fields":[],"is_taxable":false,"product_name":"Pour les insomnies"},"fields":{"sec_16606a40c58b4e":{"extra":{"key":"sec_16606a40c58b4e","section_id":"sec_16606a40c58b4e","name":"Default","status":1,"toggle":true,"form_id":217,"form_rules":{"exclude_from_discount":false,"fee_label":"","disp_hide_options_price":false,"disp_show_section_price":false,"disp_show_field_price":true,"layout_option":"standard","pric_use_as_fee":false,"process_fee_as":"woo_fee"},"layout_option":"standard"},"fields":[[{"active":true,"col":3,"relations":false,"cl_rule":"show","enableCl":false,"price":"","enablePrice":false,"className":"","label_position":"default","desc_position":"default","type":"textarea","required":false,"elementId":"textarea_5728361257","label":"Ses passions","name":"textarea_5728361257","value":"","rows":2,"error":false,"gt_translate_keys":["label","value"],"price_dependency":false,"cl_dependency":false},{"active":true,"col":3,"relations":false,"cl_rule":"show","enableCl":false,"price":"","enablePrice":false,"className":"","type":"text","subtype":"text","required":true,"elementId":"text_1128832198","label":"Le pr\u00e9nom de mon enfant","name":"prenom","value":"","error":false,"gt_translate_keys":["label","value"],"price_dependency":false,"cl_dependency":false}],[{"active":true,"col":2,"relations":false,"cl_rule":"show","enableCl":false,"price":"","enablePrice":false,"className":"align-items: center;","type":"radio-group","required":true,"elementId":"radio_1334291310","label":"Fond musical","name":"fond_musical","values":[{"label":"Oui","value":"Oui","selected":false,"tempId":"aco_578","gt_translate_keys":["label"]},{"label":"Non","value":"Non","selected":false,"tempId":"aco_580","gt_translate_keys":["label"]}],"error":false,"layOut":"","checkUi":"toggle","label_position":"above","enableDesign":false,"gt_translate_keys":["label"],"price_dependency":false,"cl_dependency":false,"value":""},{"active":true,"col":2,"relations":false,"cl_rule":"show","enableCl":false,"price":"","enablePrice":false,"className":"text-align: center;","type":"content","required":false,"elementId":"content_2663111191","label":"Je personnalise la m\u00e9ditation en choisissant\u2026..\t \t \t \t \t","name":"texte_meditation","contentType":"rich","value":"","error":false,"subtype":"div","enableDesign":false,"gt_translate_keys":["label","value"],"price_dependency":false,"cl_dependency":false},{"active":true,"col":2,"relations":false,"cl_rule":"show","enableCl":false,"price":"","enablePrice":false,"className":"","type":"text","subtype":"text","required":false,"elementId":"text_1356777312","label":"Son animal de compagnie","name":"animal_totem","value":"","error":false,"gt_translate_keys":["label","value"],"price_dependency":false,"cl_dependency":false}],[{"active":true,"col":3,"relations":false,"cl_rule":"show","enableCl":false,"price":"","enablePrice":false,"className":"","type":"text","subtype":"text","required":false,"elementId":"text_1519458868","label":"Un endroit qui l'apaise","name":"endroit","value":"","error":false,"gt_translate_keys":["label","value"],"price_dependency":false,"cl_dependency":false},{"active":true,"col":3,"relations":[],"cl_rule":"show","enableCl":false,"price":"","enablePrice":true,"className":"","label_position":"above","desc_position":"disable","type":"radio-group","required":true,"elementId":"radio_8255667180","label":"Dur\u00e9e de la m\u00e9ditation","name":"dure_meditation","values":[{"label":"10 minutes","value":"10min","selected":false,"tempId":"aco_591","price":"15","gt_translate_keys":["label"]},{"label":"15 minutes","value":"15min","selected":false,"tempId":"aco_592","price":"20","gt_translate_keys":["label"]}],"layOut":"col-2","error":false,"checkUi":"button","priceOptions":"different_for_all","pricingType":"fixed","use_as_fee":true,"isTemplate":false,"gt_translate_keys":["label"],"price_dependency":false,"cl_dependency":false,"value":""}],[{"active":true,"col":3,"relations":false,"cl_rule":"show","enableCl":false,"price":"","enablePrice":false,"className":"","label_position":"default","desc_position":"default","type":"textarea","required":false,"elementId":"textarea_6987722426","label":"Les pr\u00e9noms de ses camarades","name":"textarea_6987722426","value":"","rows":2,"error":false,"gt_translate_keys":["label","value"],"price_dependency":false,"cl_dependency":false},{"active":true,"col":3,"relations":false,"cl_rule":"show","enableCl":false,"price":"","enablePrice":false,"className":"","label_position":"default","desc_position":"default","type":"file","required":false,"elementId":"file_0197583818","name":"file_0197583818","label":"La photo de mon enfant","upload_type":"ajax","uploadSize":500,"file_types":["images"],"error":false,"hideImageIn_order":false,"hideImageIn_email":false,"hideImageIn_cart":false,"exts_supported":["jpg","png","gif"],"multiple_upload":false,"allowedFileTypes":".jpg,.png,.gif,image\/*","gt_translate_keys":["label"],"price_dependency":false,"cl_dependency":false,"value":""}],[{"active":true,"col":6,"relations":false,"cl_rule":"show","enableCl":false,"price":"","enablePrice":false,"className":"","label_position":"default","desc_position":"default","type":"groupValidation","required":false,"elementId":"group_validation_8170306051","label":"Group Validation","validationType":"optionsCount","error":false,"fields":["radio_8255667180"],"gt_translate_keys":["label"],"price_dependency":false,"cl_dependency":false,"value":""}]]}},"config":{"price_override":"","enable_recaptcha":false,"bind_quantity":false,"quantity_bind_formula":false,"disp_summ_show_option_price":true,"disp_summ_show_product_price":true,"disp_summ_show_total_price":true,"disp_summ_show_fee":false,"disp_summ_show_discount":false,"summary_title":"","options_total_label":"Prix des options","total_label":"Total","options_product_label":"Prix","fee_label":"","discount_label":"Promotion","has_price":true,"has_quantity_formula":false},"mc_unit":1,"tax_rate":1,"tax_rate_real":1,"discount":{"percentage":0,"fixed":0},"design":{"conf":{"LabelPosition":"above","DescPosition":"above","UploadField":"custom_1","QuantityFieldStyle":"default"},"css":{"LeftLabelWidth":"120px"}},"formulas":[],"clones":false,"cartKey":false}},"_links":{"self":[{"href":"https:\/\/stempsmeditation.fr\/index.php\/wp-json\/wp\/v2\/product\/145","targetHints":{"allow":["GET"]}}],"collection":[{"href":"https:\/\/stempsmeditation.fr\/index.php\/wp-json\/wp\/v2\/product"}],"about":[{"href":"https:\/\/stempsmeditation.fr\/index.php\/wp-json\/wp\/v2\/types\/product"}],"version-history":[{"count":3,"href":"https:\/\/stempsmeditation.fr\/index.php\/wp-json\/wp\/v2\/product\/145\/revisions"}],"predecessor-version":[{"id":728,"href":"https:\/\/stempsmeditation.fr\/index.php\/wp-json\/wp\/v2\/product\/145\/revisions\/728"}],"wp:featuredmedia":[{"embeddable":true,"href":"https:\/\/stempsmeditation.fr\/index.php\/wp-json\/wp\/v2\/media\/273"}],"wp:attachment":[{"href":"https:\/\/stempsmeditation.fr\/index.php\/wp-json\/wp\/v2\/media?parent=145"}],"wp:term":[{"taxonomy":"product_cat","embeddable":true,"href":"https:\/\/stempsmeditation.fr\/index.php\/wp-json\/wp\/v2\/product_cat?post=145"},{"taxonomy":"product_tag","embeddable":true,"href":"https:\/\/stempsmeditation.fr\/index.php\/wp-json\/wp\/v2\/product_tag?post=145"}],"curies":[{"name":"wp","href":"https:\/\/api.w.org\/{rel}","templated":true}]}}